st common divisor of 3 and r?
3
Suppose -64*q = -58*q - 18. Calculate the highest common factor of q and 63.
3
Let o(c) = -184*c + 1. Let l be o(-1). Suppose -5*a = 5*d - l, -2*a - 5*d - 7 = -3*a. Let w = 42 + -34. What is the greatest common divisor of a and w?
8
Suppose 2 = 3*s - 13, 1145 = 5*q - 5*s. Calculate the highest common divisor of 39 and q.
39
Let r(n) = -7*n**3 + n**2 - 2*n + 3. Let s be r(2). Let x = -18 - s. What is the highest common factor of x and 10?
5
Suppose 0 = 5096*y - 5098*y + 50. Suppose -p - 2*k - 521 = -4*p, 5*p - 879 = -2*k. Calculate the highest common factor of y and p.
25
Let u be 21/(-7) + 2*(-6)/4. Let i be (10*(-4)/u)/((-4)/(-42)). What is the highest common factor of 28 and i?
14
Let d(m) = 27*m**2 - 2*m - 1. Let a(b) = b + 5. Let q be a(-5). Suppose q = 2*l - 1 + 3. Let p be d(l). Calculate the highest common factor of p and 7.
7
Suppose 0 = 3*v + a - 5591, 5*a - 2819 - 6506 = -5*v. Calculate the greatest common factor of 81 and v.
81
Let z = 112 - 4. Suppose -5*m = m - z. What is the highest common factor of m and 3?
3
Suppose 3*r - 1 = -13. Let m(d) = 3*d**2 - 2*d - 14. Let u be m(r). What is the greatest common factor of u and 28?
14
Let w(k) = -11*k - 22. Let p be w(8). Let l = 174 + p. Calculate the highest common factor of l and 8.
8
Suppose -5*d - 2 = 13. Let u be (d + -2)/(2/26). Let w = -39 - u. What is the highest common factor of 286 and w?
26
Suppose 2*l = -112*d + 111*d + 1214, 0 = -2*l - 10. Calculate the highest common divisor of d and 216.
72
Suppose 11*t - 7*t - 20 = 0. Suppose t*r - 213 = 3*r - 3*y, -5*r + 527 = 2*y. What is the greatest common divisor of r and 35?
35
Let z(h) = 9*h - 9. Let x(f) = f**2 + 10*f + 20. Let m be x(-8). Let l be z(m). What is the greatest common divisor of l and 6?
3
Suppose 2*z = -3*z - 5. Let w(n) = 131*n**2 - n - 2. Let t be w(z). Calculate the greatest common divisor of t and 26.
26
Let n(o) be the first derivative of -7*o**2/2 - 44*o + 22. Let z be n(-7). Calculate the highest common factor of z and 35.
5
Let a be ((-60)/(-2) - 1) + 1. Let u be (-392)/24 + 15 + (-34)/(-3). Calculate the greatest common divisor of a and u.
10
Suppose 7*c - 2*c - 25 = 0. Suppose -7*k + c*k = -108. Suppose -2*a = 3*g + a - 3, 4*g - 4*a - 44 = 0. Calculate the highest common factor of g and k.
6
Suppose -4*w + 20 = -0. Suppose 4*h = -4*k + 4, -4*k - 3*h + 2 = -w. Let z = -59 - -91. Calculate the highest common divisor of k and z.
4
Suppose -8*w + 5*w = -72. Let j be 4/6 + (-304)/w. Let q be j/(0/(-1) - 1). What is the greatest common divisor of q and 24?
12
Let n be 9 - (2 + (-3)/(-3)). Let y be 9/(n/8 + 0). Let l = y + -1. Calculate the greatest common factor of 44 and l.
11
Let p(s) = 20*s. Let m be p(1). Let v(n) = 4*n**3 - 2*n**2 - n. Suppose -3*k = -50 + 38. Let o be v(k). Calculate the highest common factor of m and o.
20
Let i(f) = f**2 - f - 8. Let l be i(0). Let d be 3/(12/l) + 35. Calculate the highest common factor of d and 3.
3
Suppose 19*k = 314 - 124. Let c(u) = 3*u**2 + 2*u + 2. Let r be c(-2). Calculate the greatest common factor of k and r.
10
Let h be ((-63)/(-42))/((-2)/(-4)). What is the greatest common divisor of h and 24?
3
Let q(b) = -24*b. Let m be q(-4). Suppose 4*k + 52 = -4*a - k, -5*a - 4*k - 74 = 0. Let v = -6 - a. Calculate the highest common divisor of m and v.
12
Let y be (1*(-12)/4 - -3) + -23. Let h(n) = -n**3 - 23*n**2 + n + 37. Let r be h(y). What is the highest common factor of r and 56?
14
Let t be -4*4/48 - 782/(-6). Calculate the highest common factor of t and 40.
10
Let a(q) = 8*q**2 + 3*q - 71. Let p be a(14). Calculate the greatest common divisor of p and 19.
19
Let d(v) = -v**3 + 16*v**2 + 37*v + 22. Let b be d(18). Calculate the highest common factor of 6 and b.
2
Let g be (-1720)/(-22) - (-18)/(-99). Let f = g - 66. Calculate the greatest common divisor of 108 and f.
12
Let v = -695 - -825. What is the highest common divisor of v and 10?
10
Let i(c) = c**2 + 0*c + 5 + 0*c**2 - 5*c. Let k be i(4). Let x be -1 + 18 - (-3)/2*132/(-22). What is the greatest common factor of k and x?
1
Let a = 16 + -6. Suppose 2*q = -3*r + 5 + 7, 0 = 4*r - 2*q - 2. Suppose -u - 5 = 0, 0 = r*n - 0*u + 5*u - 75. Calculate the highest common divisor of a and n.
10
Let f be ((-3)/(-9))/((-4)/(-60)). Suppose p - 6*p + 100 = 0. Suppose -p = -f*j - 5*l, 13 = -2*j + 4*j - 3*l. What is the greatest common factor of j and 25?
5
Suppose -4*r - 1763 = -8*r + q, 4*r - 2*q - 1758 = 0. What is the highest common divisor of 17 and r?
17
Suppose 0 = f + q - 50, -3*q + 58 = 4*f - 3*f. What is the highest common divisor of f and 23?
23
Let j = 2865 - 1272. What is the highest common divisor of j and 118?
59
Suppose -38*y - 4 = -270. What is the greatest common factor of 189 and y?
7
Let d(s) = 6*s + 2. Let i(j) = 14*j - 13. Let h be i(3). Let r be d(h). What is the greatest common divisor of 22 and r?
22
Let j be (30/3)/(1/4). Let o = -143 + 203. What is the greatest common factor of j and o?
20
Suppose -2*t = -9 - 35. Let z = 58 - 47. What is the greatest common divisor of t and z?
11
Suppose -69037 = -9*n - 8*n. Calculate the highest common factor of n and 131.
131
Let u be (3/(-9))/((-5)/105) - -35. What is the highest common divisor of 462 and u?
42
Suppose 0 = 2*n - 3*n + 88. Let b be ((-9)/36)/(795/(-264) - -3). Calculate the highest common factor of n and b.
22
Let m(q) = 25*q - 12. Let d be m(1). Calculate the highest common divisor of d and 208.
13
Let x be 2*21 + 0 + 1. Let c = x + -18. Suppose -2*h = n - 9 - c, 2*n = 2*h - 34. Calculate the greatest common divisor of h and 34.
17
Let b = 55 - -299. What is the highest common factor of 6 and b?
6
Let z(r) = -r**3 - r. Let t(v) = 4*v**3 - v**2 + 3*v - 18. Let o(d) = -t(d) - 5*z(d). Let a be o(0). What is the highest common divisor of 72 and a?
18
Let w(f) = 27*f + 45. Let v be w(1). Calculate the greatest common divisor of 1872 and v.
72
Let h be ((-2)/3)/(18/(-135)). Suppose -h*l + 19 = -16. Let k(f) = f**2 + f - 16. Let b be k(-6). What is the greatest common divisor of b and l?
7
Suppose 12*g - 3*g = 630. What is the greatest common divisor of g and 112?
14
Suppose -4*z = -6*z + 14. Let m = 10 - z. Suppose -m*c - 6 = -87. Calculate the greatest common divisor of c and 135.
27
Let u(y) = -4*y**2 + 29*y - 12. Let b be u(5). What is the greatest common factor of b and 3?
3
Let h = -9 - -33. Calculate the highest common divisor of h and 204.
12
Let b = -51 + 53. Let y be (2 - b - 1)*-15. What is the greatest common factor of 105 and y?
15
Suppose 59*p - 57*p = 10. Calculate the greatest common divisor of 5 and p.
5
Let c be 20/8*(-12)/10 - -15. Let s be -10*1*16/(-10). Suppose 0 = -c*j + s*j - 132. Calculate the highest common factor of j and 11.
11
Let g = 62 + -64. Let p be 2 - g - 3/(-3)*-3. Let w(n) = n + 7. Let u be w(0). Calculate the highest common factor of u and p.
1
Let g be 184/3*(1 - 213/(-12)). Calculate the greatest common factor of g and 46.
46
Let t = -29 + 11. Let j = 28 + t. Calculate the greatest common factor of j and 110.
10
Suppose 362*v - 358*v - 4 = 0. What is the greatest common divisor of 4 and v?
1
Let w be (-4)/6*(-2 + -460). Suppose -c = -4*s + 109, -3*s - 2*c = -5*c - 75. What is the highest common divisor of w and s?
28
Let o be (-33 + 25)/(2/(-12)). What is the highest common factor of 6 and o?
6
Let i(f) = -3*f + 13. Let v(q) = 2*q - 13. Let u(n) = -3*i(n) - 4*v(n). Let j be u(5). Calculate the greatest common divisor of j and 27.
9
Let v be 6/(-4) + 3/2. Suppose -4*s - 12 = v, s - 5 = -4*h - 0*s. Suppose -88*l = -87*l - 22. Calculate the greatest common divisor of l and h.
2
Let j be 9/(((-34)/187)/(46/(-11) + 4)). Let y(f) = f**3 - 2*f**2 - 5*f - 3. Let t be y(4). Calculate the highest common factor of t and j.
9
Suppose 6*n = 5*n - v + 13, -4*v + 60 = 5*n. Suppose 40 + 136 = 2*f. Calculate the greatest common divisor of f and n.
8
Let k = -43 + 68. Let f be (-6)/(-8)*(-3)/(72/(-160)). What is the highest common divisor of f and k?
5
Suppose 4*x + 16*l - 194 = 15*l, 0 = -5*x - 2*l + 241. What is the highest common divisor of 539 and x?
49
Suppose 2*u - u + 120 = 4*k, 2*k - 46 = 4*u. Let i be -2 + (1 + -1 - -33). What is the highest common factor of i and k?
31
Suppose 3*a - 1